bb9
1651246 (base 12) to base 7
53653356
Convert 111111100000011100111 (base 2) to base 8.
7740347
What is -10402440 (base 7) in base 2?
-11011001101100100001
Convert 415624 (base 11) to base 13.
1a4342
What is -74209 (base 10) in base 15?
-16ec4
110022110000012 (base 3) to base 7
106422200
What is -4160574 (base 8) in base 3?
-2002012120002
What is -b1545 (base 15) in base 10?
-561440
Convert -23865660 (base 9) to base 4.
-230202220230
What is 302022341 (base 5) in base 3?
2021012120022
110a13c (base 13) to base 6
303520004
What is -101000001001011001 (base 2) in base 7?
-1253264
1413639 (base 12) to base 6
221524113
What is 4346517 (base 12) in base 4?
300301031203
What is -403102402 (base 5) in base 3?
-10000221102021
What is 10314505 (base 6) in base 3?
120112012212
-14315453 (base 6) to base 16
-78399
What is -100000110110001 (base 2) in base 11?
-116a9
What is 73789 (base 14) in base 10?
278637
-186501 (base 13) to base 9
-1134880
80415 (base 9) to base 11
36764
Convert 31012400 (base 5) to base 14.
6766b
Convert 3234332243 (base 5) to base 11.
3a16a3a
What is 65410512 (base 7) in base 12?
1a60476
What is 13b73 (base 12) in base 10?
27591
Convert -143b81 (base 12) to base 15.
-6a511
328b07 (base 13) to base 16
122a2b
-10c230 (base 13) to base 16
-612d2
Convert -12311200 (base 4) to base 6.
-333344
1b7092 (base 14) to base 7
11220242
What is 1320333111 (base 4) in base 7?
4132551
What is 35a81 (base 14) in base 2?
11111111111100001
Convert 1362451 (base 7) to base 9.
308511
Convert 4b11a (base 12) to base 9.
165064
248352 (base 15) to base 16
1ab00a
Convert -1320230110 (base 4) to base 10.
-494356
Convert -1200101221000 (base 3) to base 12.
-371230
What is -b2b66a (base 15) in base 12?
-2a16a9a
What is 2032033 (base 7) in base 13?
86917
What is 3011b (base 15) in base 16?
2523e
Convert 72518a (base 12) to base 6.
102225054
-2858592 (base 10) to base 9
-5336223
Convert 7647767 (base 8) to base 5.
1011131322
-26331 (base 13) to base 15
-15ed6
1213240142 (base 5) to base 9
5351347
Convert -1002101121102 (base 3) to base 8.
-2151754
What is -1241124 (base 6) in base 3?
-10102210221
Convert 11101010010101111001 (base 2) to base 13.
277b8a
Convert -125203 (base 9) to base 11.
-520a4
What is 1844778 (base 9) in base 13?
2a2621
What is -408d7 (base 14) in base 3?
-21220012100
-2211102233 (base 4) to base 14
-138a3d
Convert a1284 (base 13) to base 6.
10102301
Convert 440ab (base 13) to base 12.
5b345
What is -1001101110100000111 (base 2) in base 15?
-64687
What is 68ee5 (base 15) in base 16?
51923
Convert 554453 (base 9) to base 11.
206a37
1da4d6 (base 15) to base 9
2653223
What is 1420123 (base 6) in base 15?
18c53
What is -84bc45 (base 14) in base 16?
-447e95
-b842c (base 13) to base 12
-140491
What is -10010001101001011100 (base 2) in base 14?
-1175a4
What is -2773924 (base 12) in base 9?
-15717331
1943e (base 16) to base 3
12020221211
What is 2231122212 (base 4) in base 16?
ad6a6
Convert dc5bb0 (base 15) to base 5.
10141431030
-10417460 (base 8) to base 15
-2e28a8
-2a4766 (base 12) to base 10
-713022
What is -12087505 (base 10) in base 14?
-18690d3
Convert -184984 (base 12) to base 4.
-1213101310
What is 42a7b0 (base 16) in base 15?
5b44a4
213044242 (base 5) to base 13
25ab7b
What is -1032434 (base 7) in base 9?
-211452
15116 (base 10) to base 4
3230030
Convert 233168 (base 11) to base 6.
11533541
What is -2302404 (base 5) in base 8?
-120023
2211102111011 (base 3) to base 9
2742434
2010332001 (base 4) to base 11
342219
3b122 (base 14) to base 2
100011100011111010
What is 19210 (base 16) in base 12?
4b694
Convert -42501310 (base 6) to base 15.
-19b096
64299a (base 11) to base 10
1028730
Convert 66d18b (base 14) to base 7.
41456634
What is 333212332 (base 5) in base 16?
164876
What is -221211211122102 (base 3) in base 15?
-1314bde
-119c08 (base 13) to base 16
-66f1f
54511314 (base 7) to base 2
10001110101011010110000
Convert 30d7b (base 15) to base 11.
a6433
What is 29684 (base 11) in base 14?
11499
-260211 (base 7) to base 9
-73013
-1012200122 (base 3) to base 2
-101110100010111
1051716 (base 8) to base 3
112102000122
54033110 (base 7) to base 12
165809b
What is -111110101110110000110101 (base 2) in base 13?
-3539c72
What is -1e03ce (base 16) in base 11?
-1123971
-100101011011101110 (base 2) to base 14
-3dc3c
-5fb472 (base 16) to base 6
-342233322
-c0602 (base 13) to base 5
-41444443
Convert -310311400 (base 5) to base 6.
-43002213
21331130303 (base 4) to base 2
1001111101011100110011
Convert 543205252 (base 6) to base 11.
5508686
What is -245121 (base 6) in base 13?
-9c4c
What is -137026 (base 9) in base 8?
-243623
Convert 201210111101 (base 3) to base 15.
7a6b7
What is -1200714 (base 8) in base 14?
-87828
What is 1ca321 (base 13) in base 9?
1342285
What is 251876 (base 9) in base 3?
21201222120
-7d8 (base 16) to base 11
-1566
-37738 (base 13) to base 2
-11000111110010100
-109418 (base 11) to base 12
-84511
What is 750e1 (base 16) in base 12?
1b1569
-20221112002211 (base 3) to base 8
-16050773
251a0 (base 14) to base 3
11121200020
Convert 1192381 (base 13) to base 2.
10100110101000010111101
-64083 (base 15) to base 6
-10445153
Convert -522b5a (base 12) to base 8.
-4730766
What is 486a3 (base 15) in base 2?
111000011001011011
50360470 (base 8) to base 13
2275ab3
487aa (base 13) to base 15
296b3
2033142 (base 6) to base 15
1e025
-155096 (base 11) to base 2
-111010110101111000
What is -fcd57 (base 16) in base 10?
-1035607
Convert 13263552 (base 7) to base 14.
23ca29
What is -247165 (base 8) in base 14?
-232bb
What is 12040301 (base 5) in base 13?
3bc58
-1290305 (base 13) to base 15
-7a178b
What is 1017a (base 12) in base 14?
7902
Convert 2104120 (base 5) to base 4.
20201132
2315154 (base 6) to base 12
58aba
Convert 202211023 (base 4) to base 9.
235261
What is -1340052 (base 9) in base 3?
-1101100001202
Convert -221330321 (base 4) to base 9.
-281635
What is ab8b (base 14) in base 4?
13100113
Convert 1266653 (base 7) to base 4.
221001323
What is 8a41b (base 15) in base 14?
b6336
What is -34352020 (base 6) in base 2?
-100000001111110101100
What is -2043110033 (base 5) in base 15?
-595013
-214033010 (base 5) to base 10
-924130
-3045298 (base 12) to base 4
-202201131110
200040304 (base 5) to base 12
319731
-323013231 (base 4) to base 15
-4bb3c
Convert 124606055 (base 7) to base 8.
36354417
14323401 (base 7) to base 16
149bbc
-118526 (base 13) to base 12
-1820ab
-1246698 (base 12) to base 4
-31221201110
What is -7773043 (base 9) in base 10?
-4181583
What is -209112 (base 10) in base 9?
-347756
-219505 (base 12) to base 4
-2002202111
Convert 33044511 (base 6) to base 15.
147241
What is -242a9 (base 11) in base 14?
-ca59
138a0 (base 11) to base 14
7280
What is -421686 (base 9) in base 5?
-31004421
What is 36461225 (base 7) in base 10?
3258617
32176 (base 8) to base 5
412223
What is 83874 (base 9) in base 10?
55390
1114404 (base 8) to base 2
1001001100100000100
Convert -914d3 (base 15) to base 2.
-1110000010101000010
1232104542 (base 6) to base 10
14378894
What is 1240521130 (base 6) in base 5?
12214122124
What is 10001664 (base 7) in base 3?
1112212121220
-112110423 (base 5) to base 14
-d18a3
What is cb17 (base 14) in base 12?
18395
What is -480147 (base 10) in base 2?
-1110101001110010011
204021032 (base 5) to base 15
11a62c
5050505 (base 6) to base 11
154302
Convert 2536 (base 10) to base 5.
40121
70a8b (base 12) to base 8
436413
Convert 120210103 (base 6) to base 3.
11020122011110
What is -749680 (base 11) in base 4?
-10210221322
5332234 (base 6) to base 8
775636
Convert 2734488 (base 10) to base 7.
32146161
What is -103c6e (base 15) in base 2?
-10111100100011010000
Convert -36026 (base 14) to base 6.
-2453534
Convert 152361 (base 9) to base 4.
112312222
1012002111 (base 3) to base 5
1222040
-330313 (base 8) to base 13
-3b579
What is 2557421 (base 8) in base 9?
1305277
Convert -122500242 (base 6) to base 4.
-21003003002
102131211000 (base 4) to base 5
2214332434
-c635 (base 13) to base 5
-1334142
-2063840 (base 11) to base 2
-1101110111101100000101
What is -a588c6 (base 13) in base 10?
-3874825
What is -14222323 (base 5) in base 16?
-243ef
What is 33ae2 (base 15) in base 4?
220021232
Convert -311110113 (base 4) to base 16.
-35517
What is 20121011